	{"id":32523,"date":"2021-01-04T15:32:38","date_gmt":"2021-01-04T19:32:38","guid":{"rendered":"https:\/\/pipiaulit.com\/dry4ever\/?post_type=product&#038;p=32523"},"modified":"2025-09-05T08:40:49","modified_gmt":"2025-09-05T12:40:49","slug":"dry4ever-achat","status":"publish","type":"product","link":"https:\/\/pipiaulit.com\/dry4ever\/produit\/dry4ever-achat\/","title":{"rendered":"Dry4ever (Achat)"},"content":{"rendered":"<h2><strong>Dry4ever (Achat)<\/strong><\/h2>\n<p><strong>Un syst\u00e8me Dry4ever complet comprenant:<\/strong><\/p>\n<ul>\n<li style=\"list-style-type: none;\">\n<ul>\n<li>Un r\u00e9cepteur (unit\u00e9 principale)<\/li>\n<li>Un \u00c9metteur sans fil ergonomique<\/li>\n<li>4 bandes de d\u00e9tection en flanelle lavables et confortables<\/li>\n<li>Un vibreur \u00e0 placer sous le matelas ou dans la taie de l&rsquo;oreiller<\/li>\n<li>Un adaptateur 12V<\/li>\n<li>Livret d&rsquo;instructions<\/li>\n<li>Frais de poste inclus<\/li>\n<li>Suivi et support-conseils \u00e0 volont\u00e9. Vous pouvez nous contacter au besoin<\/li>\n<\/ul>\n<\/li>\n<\/ul>\n<p>&#8211; Non taxable<\/p>\n<h4><strong>LIVRAISON SANS FRAIS<\/strong><br \/>\n<a href=\"https:\/\/pipiaulit.com\/dry4ever\/wp-content\/uploads\/2017\/07\/cpc-main-logo.jpg\"><img loading=\"lazy\" decoding=\"async\" class=\"alignleft size-full wp-image-22072\" src=\"https:\/\/pipiaulit.com\/dry4ever\/wp-content\/uploads\/2017\/07\/cpc-main-logo.jpg\" alt=\"\" width=\"160\" height=\"40\" \/><\/a><\/h4>\n<h3><strong>PLUS (+)<\/strong><\/h3>\n<p>Une garantie compl\u00e8te de 1 an sur l\u2019\u00e9lectronique \u00e0 compter de la date de la facture initiale. Pi\u00e8ces et main d\u2019oeuvre inclus. Seule les bandes de d\u00e9tection ont une garantie limit\u00e9e \u00e0 90 jours.<\/p>\n<h3><a href=\"https:\/\/pipiaulit.com\/dry4ever\/produit\/dry4ever-location\/\"><strong>Disponible \u00e9galement en Location.\u00a0<\/strong><\/a><\/h3>\n<h3><a href=\"https:\/\/pipiaulit.com\/dry4ever\/produit\/bds12ua\/\"><strong>Sp\u00e9cial 14$ pour 2 Bandes additionnelles.<\/strong><\/a><\/h3>\n<p>Id\u00e9al pour : \u00a0Traitement de l&rsquo;\u00e9nur\u00e9sie nocturne (Pipi au lit)<\/p>\n","protected":false},"excerpt":{"rendered":"<p><strong>&#8211; Un r\u00e9cepteur (unit\u00e9 principale)<\/strong><br \/>\n<strong>&#8211; Un transmetteur sans fil\u00a0<\/strong><br \/>\n<strong>&#8211; 4 bandes de d\u00e9tection<\/strong><br \/>\n<strong>&#8211; Un vibreur sous le matelas<\/strong><br \/>\n<strong>&#8211; Un adaptateur 12V<\/strong><br \/>\n<a href=\"#bds12\"><strong>+ OFFRE SP\u00c9CIALE:\u00a0 Ajouter des bandes additionnelles<\/strong><\/a><\/p>\n<p><img loading=\"lazy\" decoding=\"async\" class=\"alignleft size-full wp-image-22072\" src=\"https:\/\/pipiaulit.com\/dry4ever\/wp-content\/uploads\/2017\/07\/cpc-main-logo.jpg\" alt=\"\" width=\"160\" height=\"40\" data-sitemapexclude=\"true\" \/>Nous exp\u00e9dions habituellement le m\u00eame jour.<br \/>\nLivraison dans les 1 &#8211; 5 jours selon votre r\u00e9gion.<\/p>\n","protected":false},"featured_media":32771,"comment_status":"closed","ping_status":"closed","template":"","meta":{"_et_pb_use_builder":"off","_et_pb_old_content":"<h2><strong>Dry4ever (Achat)<\/strong><\/h2>\r\n<strong>Un syst\u00e8me Dry4ever complet comprenant:<\/strong>\r\n<ul>\r\n \t<li style=\"list-style-type: none\">\r\n<ul>\r\n \t<li>Un r\u00e9cepteur (unit\u00e9 principale)<\/li>\r\n \t<li>Un \u00c9metteur sans fil ergonomique<\/li>\r\n \t<li>4 bandes de d\u00e9tection en flanelle lavables et confortables<\/li>\r\n \t<li>Un vibreur \u00e0 placer sous le matelas ou dans la taie de l'oreiller<\/li>\r\n \t<li>Un adaptateur 12V<\/li>\r\n \t<li>Livret d'instructions<\/li>\r\n \t<li>Frais de poste inclus<\/li>\r\n \t<li>Suivi et support-conseils \u00e0 volont\u00e9. Vous pouvez nous contacter au besoin<\/li>\r\n<\/ul>\r\n<\/li>\r\n<\/ul>\r\n- Non taxable\r\n<h4><strong>LIVRAISON SANS FRAIS<\/strong>\r\n<a href=\"https:\/\/pipiaulit.com\/dry4ever\/wp-content\/uploads\/2017\/07\/cpc-main-logo.jpg\"><img class=\"alignleft size-full wp-image-22072\" src=\"https:\/\/pipiaulit.com\/dry4ever\/wp-content\/uploads\/2017\/07\/cpc-main-logo.jpg\" alt=\"\" width=\"160\" height=\"40\" \/><\/a><\/h4>\r\n\u00a0\r\n<h3><strong>PLUS (+)<\/strong><\/h3>\r\nUne garantie compl\u00e8te de 1 an sur l\u2019\u00e9lectronique. Pi\u00e8ces et main d\u2019oeuvre inclus. Seule les bandes de d\u00e9tection en flanelle ont une garantie limit\u00e9e \u00e0 90 jours.\r\n<h3><a href=\"https:\/\/pipiaulit.com\/dry4ever\/produit\/dry4ever-location\/\"><strong>Disponible \u00e9galement en Location.\u00a0<\/strong><\/a><\/h3>\r\n<h3><a href=\"https:\/\/pipiaulit.com\/dry4ever\/produit\/bds12ua\/\"><strong>Sp\u00e9cial 14$ pour 2 Bandes additionnelles.<\/strong><\/a><\/h3>\r\nId\u00e9al pour : \u00a0Traitement de l'\u00e9nur\u00e9sie nocturne (Pipi au lit)","_et_gb_content_width":""},"product_cat":[335],"product_tag":[119,123,129,124],"class_list":{"0":"post-32523","1":"product","2":"type-product","3":"status-publish","4":"has-post-thumbnail","6":"product_cat-achat","7":"product_tag-apprentissage-de-la-proprete","8":"product_tag-enuresie-nocturne","9":"product_tag-incontinence","10":"product_tag-pipi-au-lit","11":"product_shipping_class-gratuit","13":"first","14":"instock","15":"shipping-taxable","16":"purchasable","17":"product-type-simple"},"_links":{"self":[{"href":"https:\/\/pipiaulit.com\/dry4ever\/wp-json\/wp\/v2\/product\/32523","targetHints":{"allow":["GET"]}}],"collection":[{"href":"https:\/\/pipiaulit.com\/dry4ever\/wp-json\/wp\/v2\/product"}],"about":[{"href":"https:\/\/pipiaulit.com\/dry4ever\/wp-json\/wp\/v2\/types\/product"}],"replies":[{"embeddable":true,"href":"https:\/\/pipiaulit.com\/dry4ever\/wp-json\/wp\/v2\/comments?post=32523"}],"wp:featuredmedia":[{"embeddable":true,"href":"https:\/\/pipiaulit.com\/dry4ever\/wp-json\/wp\/v2\/media\/32771"}],"wp:attachment":[{"href":"https:\/\/pipiaulit.com\/dry4ever\/wp-json\/wp\/v2\/media?parent=32523"}],"wp:term":[{"taxonomy":"product_cat","embeddable":true,"href":"https:\/\/pipiaulit.com\/dry4ever\/wp-json\/wp\/v2\/product_cat?post=32523"},{"taxonomy":"product_tag","embeddable":true,"href":"https:\/\/pipiaulit.com\/dry4ever\/wp-json\/wp\/v2\/product_tag?post=32523"}],"curies":[{"name":"wp","href":"https:\/\/api.w.org\/{rel}","templated":true}]}}